{"id":5945,"date":"2021-08-21T22:36:44","date_gmt":"2021-08-21T15:36:44","guid":{"rendered":"https:\/\/landscapesfuture.org\/timor-oriental\/"},"modified":"2022-09-08T16:42:59","modified_gmt":"2022-09-08T09:42:59","slug":"timor-oriental","status":"publish","type":"page","link":"https:\/\/landscapesfuture.org\/fr\/timor-oriental\/","title":{"rendered":"Timor Oriental"},"content":{"rendered":"<style>\n@media only screen and (max-width: 960px) {\n   #hero-page{\n    background-image:url(\"https:\/\/landscapesfuture.org\/wp-content\/uploads\/2022\/01\/trevar-skillicorn-chilver-rbmwEl8H-Oc-unsplash-op.png\");\n    background-position-y: bottom;\n    background-position-x: center;\n  }\n}\n\n#hero-page::after {\n    position: absolute;\n    content: ' ';\n    z-index: 0;\n    height: 100%;\n    width: 100%;\n    background-color: rgb(0,0,0,0.4);\n    top: 0;\n    left: 0;\n}\n#hero-page.section-bg::before{\nbackground-position-y: -385px;\n}\n\n.page #header #menu a {\n    color: #fff;\n}\n\n.page #header #menu .sub-menu li a{\n  color:#333;\n}\n\n.page #header #menu .sub-menu li a:hover{\n color:#FFFFFF;\n}\n\n.home.page-id-429 #wrapper, .page.page-id-429 #wrapper {\n    margin-top: 82px;\n}\n.home.page-id-429 #header, .page.page-id-429 #header {\n    background-color: #2E3546;\n    border: 0px;\n}\n\n.home.page-id-429 #header.darkHeader #menu a, \n.page.page-id-429 #header.darkHeader #menu a{\n   color:#252122;\n}\n\n.home.page-id-429  #header.darkHeader, .page.page-id-429  #header.darkHeader {\n    background-color: #FFFFFF;\n    border-bottom: 1px solid #ddd;\n}<\/style>\n<!-- section hero -->\n<!-- close div before -->\n        <\/div>\n    <\/article>\n<\/div>\n\n<div id=\"hero-page\" class=\" block-hero-page flex-vcenter section-bg\">\n    <div class=\"block-hero-page_bg\">\n        <img decoding=\"async\" src=\"https:\/\/landscapesfuture.org\/wp-content\/uploads\/2022\/01\/trevar-skillicorn-chilver-rbmwEl8H-Oc-unsplash-op.png\">\n    <\/div>\n    <div class=\"block-hero-page_overlay\"><\/div>\n    <div class=\"block-hero-page_content\">\n        <div class=\"container\">\n\n            <div class=\"hero-page\">\n                <div class=\"hero-page_title text-light\">\n                    <h1>Timor Leste<\/h1>\n                    <!--<p><\/p>-->\n                                    <\/div>\n            <\/div>\n        <\/div>\n    <\/div>\n<\/div>\n\n<div class=\"container\">\n    <div class=\"row\">\n        <div class=\"col-12\">\n            <div class=\"breadcrumbs\" itemscope itemtype=\"http:\/\/schema.org\/BreadcrumbList\"><span itemprop=\"itemListElement\" itemscope itemtype=\"http:\/\/schema.org\/ListItem\"><a class=\"breadcrumbs__link\" href=\"https:\/\/landscapesfuture.org\/fr\/\" itemprop=\"item\"><span itemprop=\"name\">Accueil<\/span><\/a><meta itemprop=\"position\" content=\"1\" \/><\/span><\/div><!-- .breadcrumbs -->        <\/div>\n    <\/div>\n<\/div>\n\n<div class=\"container\">\n    <article id=\"post-5945\" class=\"post-5945 page type-page status-publish hentry\">\n        <div class=\"entry-content\">\n<h1 class=\"project-title has-very-dark-gray-color has-text-color wp-block-heading\">Initiative pour la r\u00e9silience urbaine de Maloa<\/h1>\n\n    <style> \n        .logo-partner-on-team {\n              max-height: 80px;\n              max-width: 180px;\n        }\n    <\/style><style> .logo-partner-on-team {max-height: 110px!important; max-width: 200px!important;}<\/style><div id=\"\" class=\" block-clear wpe-block\"><h3 class=\"mt-3 mb-4 fs-3-5\"><\/h3><div><\/div><div class=\"wpe-block-title\"><h2>Lead implementer<\/h2><\/div><div class=\"d-flex justify-content-start flex-wrap flex-row columns-10 middle-md m-margin-bottom-30 partner-list-items\" style=\"justify-content: flex-start;\">\n    \n            <div class=\"me-4 mb-4 partner-item d-table\">\n                <a href=\"https:\/\/www.mercycorps.org\/\" class=\"d-table-cell align-middle\" title=\"Mercy Corps\">\n                    <img decoding=\"async\" src=\"http:\/\/landscapesfuture.org\/wp-content\/uploads\/2022\/01\/Mercy-Corpse-logo.png\" alt=\"Mercy Corps\" class=\"logo-partner-on-team\" title=\"Mercy Corps\">\n                <\/a>\n            <\/div><\/div><div class=\"wpe-block-title\"><h2>Partners<\/h2><\/div><div class=\"d-flex justify-content-start flex-wrap flex-row columns-10 middle-md m-margin-bottom-30 partner-list-items\" style=\"justify-content: flex-start;\">\n    \n            <div class=\"me-4 mb-4 partner-item d-table\">\n                <a href=\"http:\/\/timor-leste.gov.tl\/?lang=en\" class=\"d-table-cell align-middle\" title=\"Government of Timor-Leste\">\n                    <img decoding=\"async\" src=\"http:\/\/landscapesfuture.org\/wp-content\/uploads\/2022\/03\/Timor_Leste.png\" alt=\"Government of Timor-Leste\" class=\"logo-partner-on-team\" title=\"Government of Timor-Leste\">\n                <\/a>\n            <\/div><\/div><\/div>\n<div class=\"wp-block-columns is-layout-flex wp-container-core-columns-is-layout-9d6595d7 wp-block-columns-is-layout-flex\">\n<div class=\"wp-block-column is-layout-flow wp-block-column-is-layout-flow\" style=\"flex-basis:66.66%\">\n<p><strong>Principal responsable de la mise en \u0153uvre :<\/strong> Mercy Corps<\/p>\n\n\n\n<p><strong>Partenaires :<\/strong>  Le Conseil de gestion du bassin versant de Maloa (MWMC), le Secr\u00e9taire d&rsquo;\u00c9tat \u00e0 l&rsquo;environnement (y compris le D\u00e9partement national du changement climatique), la Direction nationale de la gestion des catastrophes (NDMD), le Secr\u00e9taire d&rsquo;\u00c9tat \u00e0 la protection civile, le Minist\u00e8re des travaux publics et le Minist\u00e8re de l&rsquo;agriculture et de la p\u00eache (MAF) (y compris la Direction nationale des for\u00eats et de la gestion des bassins versants), ainsi que cinq organisations locales.<\/p>\n<\/div>\n\n\n\n<div class=\"wp-block-column is-layout-flow wp-block-column-is-layout-flow\" style=\"flex-basis:33.33%\"><\/div>\n<\/div>\n\n<div class=\"wp-block-columns is-layout-flex wp-container-core-columns-is-layout-9d6595d7 wp-block-columns-is-layout-flex\">\n<div class=\"wp-block-column is-layout-flow wp-block-column-is-layout-flow\">\n<h2 class=\"wp-block-heading\">D\u00e9fis<\/h2>\n\n\n\n<p>Les impacts du changement climatique sont particuli\u00e8rement graves pour les populations pauvres et marginalis\u00e9es, qui sont plus d\u00e9pendantes de l&rsquo;environnement pour leurs moyens de subsistance, et qui ont peu de ressources ou de capacit\u00e9s pour att\u00e9nuer et s&rsquo;adapter au changement climatique. De nombreux habitants du bassin versant de Maloa, en particulier, d\u00e9pendent de la stabilit\u00e9 de la zone du bassin versant pour leurs revenus, et leur situation \u00e9conomique est menac\u00e9e par le changement climatique et l&rsquo;augmentation des chocs et des stress, aggrav\u00e9s par une mauvaise gouvernance et un mauvais am\u00e9nagement urbain. D\u00e9but avril 2021, de graves inondations et glissements de terrain provoqu\u00e9s par le cyclone tropical Seroja ont touch\u00e9 environ 33 177 m\u00e9nages dans les 13 municipalit\u00e9s du pays, la majorit\u00e9 \u00e0 Dili. La plupart des m\u00e9nages (78%) interrog\u00e9s par Mercy Corps dans le bassin versant de Maloa ont d\u00e9clar\u00e9 avoir \u00e9t\u00e9 affect\u00e9s par les inondations. Les projections climatiques montrent que les pr\u00e9cipitations de la saison humide augmenteront de 20 % d&rsquo;ici 2070, avec une plus grande variabilit\u00e9 de la saison humide, parall\u00e8lement \u00e0 l&rsquo;augmentation des temp\u00e9ratures et \u00e0 l&rsquo;\u00e9l\u00e9vation du niveau de la mer d&rsquo;environ 0,76 m d&rsquo;ici 2100. Cela risque d&rsquo;aggraver les grandes inondations et les p\u00e9riodes de s\u00e9cheresse et de p\u00e9nurie d&rsquo;eau, en particulier pour les populations les plus pauvres et marginalis\u00e9es.<\/p>\n<\/div>\n\n\n\n<div class=\"wp-block-column is-layout-flow wp-block-column-is-layout-flow\">\n<h2 class=\"wp-block-heading\">Objectif<\/h2>\n\n\n\n<p>Am\u00e9liorer la r\u00e9silience climatique du bassin versant de Maloa, par la gestion des paysages et des \u00e9cosyst\u00e8mes, afin de soutenir le d\u00e9veloppement environnemental, \u00e9conomique et social de Dili.<\/p>\n<\/div>\n<\/div>\n\n<div class=\"wp-block-columns section-bg wpe-mapbg pt-5 pb-5 is-layout-flex wp-container-core-columns-is-layout-9d6595d7 wp-block-columns-is-layout-flex\">\n<div class=\"wp-block-column is-layout-flow wp-block-column-is-layout-flow\">\n<img decoding=\"async\" src=\"http:\/\/landscapesfuture.org\/wp-content\/uploads\/svg-map\/Landscape%20for%20our%20future-country%20map-worldwide_Timor%20Leste.svg\" style=\"width:100%;padding-right:60px\" \/><\/div>\n\n\n\n<div class=\"wp-block-column is-layout-flow wp-block-column-is-layout-flow\">\n<h2 class=\"wp-block-heading\">Paysages<\/h2>\n\n\n\n<p>La population urbaine de Dili, la capitale et la plus grande ville du Timor oriental, repr\u00e9sente 30 % de la population du Timor-Oriental. Dili s&rsquo;\u00e9tend sur certains des terrains les plus attrayants d&rsquo;un point de vue \u00e9conomique mais vuln\u00e9rables d&rsquo;un point de vue \u00e9cologique, notamment les zones c\u00f4ti\u00e8res et les plaines inondables, o\u00f9 l&rsquo;environnement naturel est compromis par la croissance des infrastructures, ce qui rend les populations concentr\u00e9es plus vuln\u00e9rables aux ph\u00e9nom\u00e8nes m\u00e9t\u00e9orologiques extr\u00eames et aux effets du changement climatique. Les fortes pluies de la saison humide, associ\u00e9es \u00e0 une d\u00e9forestation g\u00e9n\u00e9ralis\u00e9e, \u00e0 la construction de routes et \u00e0 des techniques agricoles d\u00e9gradant les sols dans le bassin versant montagneux autour de Dili, entra\u00eenent des inondations urbaines r\u00e9guli\u00e8res et des hausses rapides et occasionnelles du niveau des rivi\u00e8res.<\/p>\n<\/div>\n<\/div>\n\n<div class=\"wp-block-columns is-layout-flex wp-container-core-columns-is-layout-9d6595d7 wp-block-columns-is-layout-flex\">\n<div class=\"wp-block-column is-layout-flow wp-block-column-is-layout-flow\" style=\"flex-basis:66.66%\">\n<h2 class=\"wp-block-heading\">Approcher<\/h2>\n\n\n\n<p>Gr\u00e2ce \u00e0 la gestion des paysages et des \u00e9cosyst\u00e8mes, le projet vise \u00e0 soutenir le d\u00e9veloppement environnemental, \u00e9conomique et social \u00e0 Dili afin d&rsquo;accro\u00eetre le d\u00e9veloppement socio-\u00e9conomique durable et respectueux des \u00e9cosyst\u00e8mes dans le bassin versant de Maloa, de renforcer la r\u00e9silience des communaut\u00e9s aux chocs et aux stress, et de promouvoir le r\u00e9tablissement apr\u00e8s le COVID-19. L&rsquo;initiative pour la r\u00e9silience urbaine de Maloa pr\u00e9voit de mettre en place un mod\u00e8le de gouvernance r\u00e9ussi pour la r\u00e9silience urbaine, qui comprend la mobilisation et l&rsquo;\u00e9tablissement d&rsquo;un consensus entre diverses parties prenantes, l&rsquo;am\u00e9lioration de l&rsquo;acc\u00e8s aux informations pour la prise de d\u00e9cision et l&rsquo;essai de solutions qui motivent des investissements de suivi.<\/p>\n\n\n\n<h2 class=\"wp-block-heading\">Actions sp\u00e9cifiques<\/h2>\n\n\n\n<p>La cr\u00e9ation d&rsquo;un comit\u00e9 de gestion des bassins versants transfrontaliers, la cartographie participative de l&rsquo;utilisation des terres, les \u00e9valuations des risques et les plans de gestion des risques permettront \u00e0 la fois d&rsquo;att\u00e9nuer les risques et d&rsquo;am\u00e9liorer la gestion des bassins versants et des paysages. Un syst\u00e8me d&rsquo;alerte pr\u00e9coce sera cr\u00e9\u00e9 dans le bassin versant pour soutenir les plans d&rsquo;urgence en cas d&rsquo;inondation, et des exercices seront organis\u00e9s pour s&rsquo;y pr\u00e9parer. Une campagne de sensibilisation au risque d&rsquo;inondation sera \u00e9galement pr\u00e9vue. Des ateliers participatifs seront pr\u00e9vus pour les jeunes afin d&rsquo;accro\u00eetre l&rsquo;engagement civique dans les conversations sur l&rsquo;utilisation des terres et la planification, et une \u00e9valuation du march\u00e9 des principales cha\u00eenes de valeur sera r\u00e9alis\u00e9e dans le sillage de COVID-19 pour identifier l&rsquo;impact de COVID-19 sur les entreprises de Dili, puis am\u00e9liorer les comp\u00e9tences pour renforcer la r\u00e9silience.<\/p>\n<\/div>\n\n\n\n<div class=\"wp-block-column is-layout-flow wp-block-column-is-layout-flow\" style=\"flex-basis:33.33%\"><\/div>\n<\/div>\n\n<div class=\"wp-block-columns section-bg wpe-bggrey pt-5 pb-5 is-layout-flex wp-container-core-columns-is-layout-9d6595d7 wp-block-columns-is-layout-flex\">\n<div class=\"wp-block-column is-layout-flow wp-block-column-is-layout-flow\">\n<h2 class=\"wp-block-heading\">Contact<\/h2>\n\n\n\n<p>Kirsten Mandala, Mercy Corps, kmandala@mercycorps.org<\/p>\n<\/div>\n<\/div>\n\n<div class=\"wp-block-columns is-layout-flex wp-container-core-columns-is-layout-9d6595d7 wp-block-columns-is-layout-flex\">\n<div class=\"wp-block-column is-layout-flow wp-block-column-is-layout-flow\">\n<h2 class=\"wp-block-heading\">Plus d&rsquo;informations<\/h2>\n\n\n\n<p><a href=\"https:\/\/www.mercycorps.org\/\" target=\"_blank\" rel=\"noreferrer noopener\">mercycorps.org<\/a><\/p>\n<\/div>\n<\/div>\n","protected":false},"excerpt":{"rendered":"<p>Initiative pour la r\u00e9silience urbaine de Maloa Principal responsable de la mise en \u0153uvre : Mercy Corps Partenaires : Le Conseil de gestion du bassin versant de Maloa (MWMC), le Secr\u00e9taire d&rsquo;\u00c9tat \u00e0 l&rsquo;environnement (y compris le D\u00e9partement national du changement climatique), la Direction nationale de la gestion des catastrophes (NDMD), le Secr\u00e9taire d&rsquo;\u00c9tat \u00e0 [&hellip;]<\/p>\n","protected":false},"author":1,"featured_media":0,"parent":0,"menu_order":0,"comment_status":"closed","ping_status":"closed","template":"templates\/template-page-gutenberg.php","meta":{"inline_featured_image":false,"footnotes":"","_links_to":"","_links_to_target":""},"class_list":["post-5945","page","type-page","status-publish","hentry"],"_links":{"self":[{"href":"https:\/\/landscapesfuture.org\/fr\/wp-json\/wp\/v2\/pages\/5945","targetHints":{"allow":["GET"]}}],"collection":[{"href":"https:\/\/landscapesfuture.org\/fr\/wp-json\/wp\/v2\/pages"}],"about":[{"href":"https:\/\/landscapesfuture.org\/fr\/wp-json\/wp\/v2\/types\/page"}],"author":[{"embeddable":true,"href":"https:\/\/landscapesfuture.org\/fr\/wp-json\/wp\/v2\/users\/1"}],"replies":[{"embeddable":true,"href":"https:\/\/landscapesfuture.org\/fr\/wp-json\/wp\/v2\/comments?post=5945"}],"version-history":[{"count":5,"href":"https:\/\/landscapesfuture.org\/fr\/wp-json\/wp\/v2\/pages\/5945\/revisions"}],"predecessor-version":[{"id":6751,"href":"https:\/\/landscapesfuture.org\/fr\/wp-json\/wp\/v2\/pages\/5945\/revisions\/6751"}],"wp:attachment":[{"href":"https:\/\/landscapesfuture.org\/fr\/wp-json\/wp\/v2\/media?parent=5945"}],"curies":[{"name":"wp","href":"https:\/\/api.w.org\/{rel}","templated":true}]}}

<style>
@media only screen and (max-width: 960px) {
   #hero-page{
    background-image:url("https://landscapesfuture.org/wp-content/uploads/2022/01/trevar-skillicorn-chilver-rbmwEl8H-Oc-unsplash-op.png");
    background-position-y: bottom;
    background-position-x: center;
  }
}

#hero-page::after {
    position: absolute;
    content: ' ';
    z-index: 0;
    height: 100%;
    width: 100%;
    background-color: rgb(0,0,0,0.4);
    top: 0;
    left: 0;
}
#hero-page.section-bg::before{
background-position-y: -385px;
}

.page #header #menu a {
    color: #fff;
}

.page #header #menu .sub-menu li a{
  color:#333;
}

.page #header #menu .sub-menu li a:hover{
 color:#FFFFFF;
}

.home.page-id-429 #wrapper, .page.page-id-429 #wrapper {
    margin-top: 82px;
}
.home.page-id-429 #header, .page.page-id-429 #header {
    background-color: #2E3546;
    border: 0px;
}

.home.page-id-429 #header.darkHeader #menu a, 
.page.page-id-429 #header.darkHeader #menu a{
   color:#252122;
}

.home.page-id-429  #header.darkHeader, .page.page-id-429  #header.darkHeader {
    background-color: #FFFFFF;
    border-bottom: 1px solid #ddd;
}</style>
<!-- section hero -->
<!-- close div before -->
        </div>
    </article>
</div>

<div id="hero-page" class=" block-hero-page flex-vcenter section-bg">
    <div class="block-hero-page_bg">
        <img decoding="async" src="https://landscapesfuture.org/wp-content/uploads/2022/01/trevar-skillicorn-chilver-rbmwEl8H-Oc-unsplash-op.png">
    </div>
    <div class="block-hero-page_overlay"></div>
    <div class="block-hero-page_content">
        <div class="container">

            <div class="hero-page">
                <div class="hero-page_title text-light">
                    <h1>Timor Leste</h1>
                    <!--<p></p>-->
                                    </div>
            </div>
        </div>
    </div>
</div>

<div class="container">
    <div class="row">
        <div class="col-12">
            <div class="breadcrumbs" itemscope itemtype="http://schema.org/BreadcrumbList"><span itemprop="itemListElement" itemscope itemtype="http://schema.org/ListItem"><a class="breadcrumbs__link" href="https://landscapesfuture.org/fr/" itemprop="item"><span itemprop="name">Accueil</span></a><meta itemprop="position" content="1" /></span></div><!-- .breadcrumbs -->        </div>
    </div>
</div>

<div class="container">
    <article id="post-5945" class="post-5945 page type-page status-publish hentry">
        <div class="entry-content">
<h1 class="project-title has-very-dark-gray-color has-text-color wp-block-heading">Initiative pour la résilience urbaine de Maloa</h1>

    <style> 
        .logo-partner-on-team {
              max-height: 80px;
              max-width: 180px;
        }
    </style><style> .logo-partner-on-team {max-height: 110px!important; max-width: 200px!important;}</style><div id="" class=" block-clear wpe-block"><h3 class="mt-3 mb-4 fs-3-5"></h3><div></div><div class="wpe-block-title"><h2>Lead implementer</h2></div><div class="d-flex justify-content-start flex-wrap flex-row columns-10 middle-md m-margin-bottom-30 partner-list-items" style="justify-content: flex-start;">
    
            <div class="me-4 mb-4 partner-item d-table">
                <a href="https://www.mercycorps.org/" class="d-table-cell align-middle" title="Mercy Corps">
                    <img decoding="async" src="http://landscapesfuture.org/wp-content/uploads/2022/01/Mercy-Corpse-logo.png" alt="Mercy Corps" class="logo-partner-on-team" title="Mercy Corps">
                </a>
            </div></div><div class="wpe-block-title"><h2>Partners</h2></div><div class="d-flex justify-content-start flex-wrap flex-row columns-10 middle-md m-margin-bottom-30 partner-list-items" style="justify-content: flex-start;">
    
            <div class="me-4 mb-4 partner-item d-table">
                <a href="http://timor-leste.gov.tl/?lang=en" class="d-table-cell align-middle" title="Government of Timor-Leste">
                    <img decoding="async" src="http://landscapesfuture.org/wp-content/uploads/2022/03/Timor_Leste.png" alt="Government of Timor-Leste" class="logo-partner-on-team" title="Government of Timor-Leste">
                </a>
            </div></div></div>
<div class="wp-block-columns is-layout-flex wp-container-core-columns-is-layout-9d6595d7 wp-block-columns-is-layout-flex">
<div class="wp-block-column is-layout-flow wp-block-column-is-layout-flow" style="flex-basis:66.66%">
<p><strong>Principal responsable de la mise en œuvre :</strong> Mercy Corps</p>



<p><strong>Partenaires :</strong>  Le Conseil de gestion du bassin versant de Maloa (MWMC), le Secrétaire d&rsquo;État à l&rsquo;environnement (y compris le Département national du changement climatique), la Direction nationale de la gestion des catastrophes (NDMD), le Secrétaire d&rsquo;État à la protection civile, le Ministère des travaux publics et le Ministère de l&rsquo;agriculture et de la pêche (MAF) (y compris la Direction nationale des forêts et de la gestion des bassins versants), ainsi que cinq organisations locales.</p>
</div>



<div class="wp-block-column is-layout-flow wp-block-column-is-layout-flow" style="flex-basis:33.33%"></div>
</div>

<div class="wp-block-columns is-layout-flex wp-container-core-columns-is-layout-9d6595d7 wp-block-columns-is-layout-flex">
<div class="wp-block-column is-layout-flow wp-block-column-is-layout-flow">
<h2 class="wp-block-heading">Défis</h2>



<p>Les impacts du changement climatique sont particulièrement graves pour les populations pauvres et marginalisées, qui sont plus dépendantes de l&rsquo;environnement pour leurs moyens de subsistance, et qui ont peu de ressources ou de capacités pour atténuer et s&rsquo;adapter au changement climatique. De nombreux habitants du bassin versant de Maloa, en particulier, dépendent de la stabilité de la zone du bassin versant pour leurs revenus, et leur situation économique est menacée par le changement climatique et l&rsquo;augmentation des chocs et des stress, aggravés par une mauvaise gouvernance et un mauvais aménagement urbain. Début avril 2021, de graves inondations et glissements de terrain provoqués par le cyclone tropical Seroja ont touché environ 33 177 ménages dans les 13 municipalités du pays, la majorité à Dili. La plupart des ménages (78%) interrogés par Mercy Corps dans le bassin versant de Maloa ont déclaré avoir été affectés par les inondations. Les projections climatiques montrent que les précipitations de la saison humide augmenteront de 20 % d&rsquo;ici 2070, avec une plus grande variabilité de la saison humide, parallèlement à l&rsquo;augmentation des températures et à l&rsquo;élévation du niveau de la mer d&rsquo;environ 0,76 m d&rsquo;ici 2100. Cela risque d&rsquo;aggraver les grandes inondations et les périodes de sécheresse et de pénurie d&rsquo;eau, en particulier pour les populations les plus pauvres et marginalisées.</p>
</div>



<div class="wp-block-column is-layout-flow wp-block-column-is-layout-flow">
<h2 class="wp-block-heading">Objectif</h2>



<p>Améliorer la résilience climatique du bassin versant de Maloa, par la gestion des paysages et des écosystèmes, afin de soutenir le développement environnemental, économique et social de Dili.</p>
</div>
</div>

<div class="wp-block-columns section-bg wpe-mapbg pt-5 pb-5 is-layout-flex wp-container-core-columns-is-layout-9d6595d7 wp-block-columns-is-layout-flex">
<div class="wp-block-column is-layout-flow wp-block-column-is-layout-flow">
<img decoding="async" src="http://landscapesfuture.org/wp-content/uploads/svg-map/Landscape%20for%20our%20future-country%20map-worldwide_Timor%20Leste.svg" style="width:100%;padding-right:60px" /></div>



<div class="wp-block-column is-layout-flow wp-block-column-is-layout-flow">
<h2 class="wp-block-heading">Paysages</h2>



<p>La population urbaine de Dili, la capitale et la plus grande ville du Timor oriental, représente 30 % de la population du Timor-Oriental. Dili s&rsquo;étend sur certains des terrains les plus attrayants d&rsquo;un point de vue économique mais vulnérables d&rsquo;un point de vue écologique, notamment les zones côtières et les plaines inondables, où l&rsquo;environnement naturel est compromis par la croissance des infrastructures, ce qui rend les populations concentrées plus vulnérables aux phénomènes météorologiques extrêmes et aux effets du changement climatique. Les fortes pluies de la saison humide, associées à une déforestation généralisée, à la construction de routes et à des techniques agricoles dégradant les sols dans le bassin versant montagneux autour de Dili, entraînent des inondations urbaines régulières et des hausses rapides et occasionnelles du niveau des rivières.</p>
</div>
</div>

<div class="wp-block-columns is-layout-flex wp-container-core-columns-is-layout-9d6595d7 wp-block-columns-is-layout-flex">
<div class="wp-block-column is-layout-flow wp-block-column-is-layout-flow" style="flex-basis:66.66%">
<h2 class="wp-block-heading">Approcher</h2>



<p>Grâce à la gestion des paysages et des écosystèmes, le projet vise à soutenir le développement environnemental, économique et social à Dili afin d&rsquo;accroître le développement socio-économique durable et respectueux des écosystèmes dans le bassin versant de Maloa, de renforcer la résilience des communautés aux chocs et aux stress, et de promouvoir le rétablissement après le COVID-19. L&rsquo;initiative pour la résilience urbaine de Maloa prévoit de mettre en place un modèle de gouvernance réussi pour la résilience urbaine, qui comprend la mobilisation et l&rsquo;établissement d&rsquo;un consensus entre diverses parties prenantes, l&rsquo;amélioration de l&rsquo;accès aux informations pour la prise de décision et l&rsquo;essai de solutions qui motivent des investissements de suivi.</p>



<h2 class="wp-block-heading">Actions spécifiques</h2>



<p>La création d&rsquo;un comité de gestion des bassins versants transfrontaliers, la cartographie participative de l&rsquo;utilisation des terres, les évaluations des risques et les plans de gestion des risques permettront à la fois d&rsquo;atténuer les risques et d&rsquo;améliorer la gestion des bassins versants et des paysages. Un système d&rsquo;alerte précoce sera créé dans le bassin versant pour soutenir les plans d&rsquo;urgence en cas d&rsquo;inondation, et des exercices seront organisés pour s&rsquo;y préparer. Une campagne de sensibilisation au risque d&rsquo;inondation sera également prévue. Des ateliers participatifs seront prévus pour les jeunes afin d&rsquo;accroître l&rsquo;engagement civique dans les conversations sur l&rsquo;utilisation des terres et la planification, et une évaluation du marché des principales chaînes de valeur sera réalisée dans le sillage de COVID-19 pour identifier l&rsquo;impact de COVID-19 sur les entreprises de Dili, puis améliorer les compétences pour renforcer la résilience.</p>
</div>



<div class="wp-block-column is-layout-flow wp-block-column-is-layout-flow" style="flex-basis:33.33%"></div>
</div>

<div class="wp-block-columns section-bg wpe-bggrey pt-5 pb-5 is-layout-flex wp-container-core-columns-is-layout-9d6595d7 wp-block-columns-is-layout-flex">
<div class="wp-block-column is-layout-flow wp-block-column-is-layout-flow">
<h2 class="wp-block-heading">Contact</h2>



<p>Kirsten Mandala, Mercy Corps, kmandala@mercycorps.org</p>
</div>
</div>

<div class="wp-block-columns is-layout-flex wp-container-core-columns-is-layout-9d6595d7 wp-block-columns-is-layout-flex">
<div class="wp-block-column is-layout-flow wp-block-column-is-layout-flow">
<h2 class="wp-block-heading">Plus d&rsquo;informations</h2>



<p><a href="https://www.mercycorps.org/" target="_blank" rel="noreferrer noopener">mercycorps.org</a></p>
</div>
</div>

<p>Initiative pour la résilience urbaine de Maloa Principal responsable de la mise en œuvre : Mercy Corps Partenaires : Le Conseil de gestion du bassin versant de Maloa (MWMC), le Secrétaire d&rsquo;État à l&rsquo;environnement (y compris le Département national du changement climatique), la Direction nationale de la gestion des catastrophes (NDMD), le Secrétaire d&rsquo;État à [&hellip;]</p>
